{"id":100,"date":"2018-08-08T19:12:26","date_gmt":"2018-08-08T19:12:26","guid":{"rendered":"https:\/\/adv-laetitia.de\/?page_id=100"},"modified":"2019-09-25T13:48:21","modified_gmt":"2019-09-25T13:48:21","slug":"studentenverbindung-was-ist-das","status":"publish","type":"page","link":"https:\/\/adv-laetitia.de\/?page_id=100","title":{"rendered":"Studenten- und Damenverbindungen"},"content":{"rendered":"\n<h2 class=\"wp-block-heading\">Studentenverbindung &#8211; Was ist das?<\/h2>\n\n\n<p>Studentenverbindungen sind Organisationen, in der aktuelle und ehemaliger Studenten sind, die versuchen, alte Traditionen zu bewahren. Mit der Zeit haben sich verschiedene Verbindungstypen herausgebildet, die aber meistens zwei Punkte gemeinsam haben: das Lebensbundprinzip (man ist ein Leben lang Mitglied der Studentenverbindung) und das Conventsprinzip (alle Entscheidungen werden demokratisch bei Conventen beschlossen).<\/p>\n<p>Verbindungen lassen sich in zwei Teilvereine einteilen: die Aktivitas (hier sind alle studierenden Mitglieder zusammengefasst) und die Altherrenschaft\/Hohedamenschaft (hier treten die aktiven Mitglieder nach Abschluss ihres Studiums ein).<\/p>\n<p>Wenn die Korporation \u00fcber ein eigenes Haus verf\u00fcgt, oder plant ein solches zu Erwerben wird i.d.R. ein <a href=\"https:\/\/www.markomannenwiki.de\/index.php?title=Hausverein\">dritter Teilverein<\/a> (Hausbauverein) gegr\u00fcndet, in dem alle Mitglieder der beiden anderen Vereine ebenfalls Mitglied sind.<\/p>\n<p>Studentenverbindungen kann man nach au\u00dfen hin an ihren Farben erkenn, welche die Prinzipien der Verbindung repr\u00e4sentieren. Es gibt farbentragende Verbindungen, welche ihre Farben als Band und M\u00fctze zeigen und farbenf\u00fchrende Verbindungen, welche zwar Farben hat, aber weder Band noch M\u00fctze tr\u00e4gt und diese nur in Form von Zipfeln oder Farbnadeln zeigt. Jede Verbindung hat einen Zirkel, ein Monogramm, das f\u00fcr den Namen der Verbindung steht.<\/p>\n<p>Allen Korporationen sind bestimmte traditionelle Verhaltensformen der sogenannte <a href=\"https:\/\/www.markomannenwiki.de\/index.php?title=Comment\">Comment<\/a> eigen. Der Comment ritualisiert in gewissem Umfang den Umgang miteinander. Er pr\u00e4gt vor allen Dingen auch die <a href=\"https:\/\/www.markomannenwiki.de\/index.php?title=Studentensprache\">Sprache<\/a> der Studenten, wobei bestimmte Begriffe mit der fortschreitenden Akademisierung der Gesellschaft mehr und mehr in die Alltagssprache \u00fcbergehen.<\/p>\n<p>Heute sind vorallem <a href=\"https:\/\/www.markomannenwiki.de\/index.php?title=Kneipe\">Kneipe<\/a> und <a href=\"https:\/\/www.markomannenwiki.de\/index.php?title=Kommers\">Kommers<\/a> Ausdruck der couleurstudentischen Tradition. Hier gelten die Regeln des <a href=\"https:\/\/www.markomannenwiki.de\/index.php?title=Comment\">Comment<\/a> im gr\u00f6\u00dften Umfang. Hier wird auch in besonderem Umfang des studentische\/traditionelle <a href=\"https:\/\/www.markomannenwiki.de\/index.php?title=Studentenlied\">Liedgut<\/a> gepflegt.<\/p>\n\n\n<h2 class=\"wp-block-heading\">Damenverbindungen<\/h2>\n\n\n\n<div class=\"wp-block-image wp-image-81\"><figure class=\"aligncenter\"><img loading=\"lazy\" decoding=\"async\" width=\"1436\" height=\"1019\" src=\"https:\/\/adv-laetitia.de\/wp-content\/uploads\/2018\/08\/Farbentragende_Studentinnen_Berlin_1916.jpg\" alt=\"\" class=\"wp-image-81\"\/><figcaption>Farbentragende Studentinnen, Berlin 1916<\/figcaption><\/figure><\/div>\n\n\n\n<p>Die ersten Damenverbindungen entstanden schon vor dem Ersten Weltkrieg, als Frauen regul\u00e4r zum Studieren an deutschen Universit\u00e4ten zugelassen wurden. Es gab vier Verb\u00e4nde von Damenverbindungen, die jedoch alle im Zweiten Weltkrieg mit dem Verbot der Studentenverb\u00e4nde aufgel\u00f6st wurden. Diese waren der Verband der Studentinnenvereine Deutschlands (VStD), der 1906 mit sieben Vereinen gegr\u00fcndet wurde, der Deutsche Verband Akademischer Frauenvereine (DVAF), gegr\u00fcndet im Jahr 1914 mit neun Vereinen, der Verband der katholischen Deutschen Studentinnenvereine (VKDSt), der 1913 mit 21 Vereinen gegr\u00fcndet wurde, und die Deutsche Christliche Vereinigung Studierender Frauen (DCVSF), die vorwiegend evangelisch war und 1904 mit 20 Vereinen gegr\u00fcndet wurde. Insgesamt existierten bis 1933 ca. 100 Verbindungen von Studentinnen. Die Anzahl an korporierter Frauen war dabei weitaus gr\u00f6\u00dfer als heutzutage.<\/p>\n\n\n\n<p>In den 50er Jahren gr\u00fcndete sich lediglich der VKDSt als Frauenverband neu, jedoch als Bund katholischer deutscher Akademikerinnen (BkdA) und unter Aufgabe jeglicher Verbindungsprinzipien. Erst Ende der 70er-Jahre gr\u00fcndeten sich erneut Damenverbindungen. Die \u00e4lteste und noch aktive Damenverbindung entstand im Jahr 1982.<\/p>\n\n\n\n<p>Heute gibt es in Deutschland mehr als 45 aktive Damenverbindung, es existieren jedoch keine weiblichen Dachverb\u00e4nde mehr. Einige Damenverbindungen sind Mitglied im Unitas-Verband (UV) und jeweils eine ist Mitglied im Schwarzburgbund (SB) bzw. Sonderh\u00e4user Verband (SV). In \u00d6sterreich gibt es mittlerweile wieder zwei Dachverb\u00e4nde f\u00fcr Damenverbindungen: den Verband farbentragender M\u00e4dchen (VFM, 11 Vereine) und die Vereinigung christlicher Studentinnenverbindungen \u00d6sterreichs (VCS, 8 Vereine).<\/p>\n\n\n\n<p>F\u00fcr den Austausch zwischen den heutigen Damenverbindungen findet seit 1989 einmal j\u00e4hrlich das internationale Damenverbindungstreffen (DVT) statt.<\/p>\n\n\n\n<p><em>Quelle:\u00a0<a href=\"https:\/\/de.wikipedia.org\/wiki\/Damenverbindung\">https:\/\/de.wikipedia.org\/wiki\/Damenverbindung<\/a><\/em><\/p>\n","protected":false},"excerpt":{"rendered":"<p>Studentenverbindung &#8211; Was ist das? Studentenverbindungen sind Organisationen, in der aktuelle und ehemaliger Studenten sind, die versuchen, alte Traditionen zu bewahren. Mit der Zeit haben sich verschiedene Verbindungstypen herausgebildet, die aber meistens zwei Punkte gemeinsam haben: das Lebensbundprinzip (man ist ein Leben lang Mitglied der Studentenverbindung) und das Conventsprinzip (alle Entscheidungen werden demokratisch bei Conventen beschlossen). Verbindungen lassen sich in zwei Teilvereine einteilen: die Aktivitas (hier sind alle studierenden Mitglieder zusammengefasst) und die Altherrenschaft\/Hohedamenschaft (hier treten die aktiven Mitglieder nach Abschluss ihres Studiums ein). Wenn die Korporation \u00fcber ein eigenes Haus verf\u00fcgt, oder plant ein solches zu Erwerben wird i.d.R. ein dritter Teilverein (Hausbauverein) gegr\u00fcndet, in dem alle Mitglieder der beiden anderen Vereine ebenfalls Mitglied sind. Studentenverbindungen kann man nach au\u00dfen hin an ihren Farben erkenn, welche die Prinzipien der Verbindung repr\u00e4sentieren. Es gibt farbentragende Verbindungen, welche ihre Farben als Band und M\u00fctze zeigen und farbenf\u00fchrende Verbindungen, welche zwar Farben hat, aber weder Band noch M\u00fctze tr\u00e4gt und diese nur in Form von Zipfeln oder Farbnadeln zeigt. Jede Verbindung hat einen Zirkel, ein Monogramm, das f\u00fcr den Namen der Verbindung steht. Allen Korporationen sind bestimmte traditionelle Verhaltensformen der sogenannte Comment eigen. Der Comment ritualisiert in gewissem Umfang den Umgang miteinander. Er pr\u00e4gt vor allen Dingen auch die Sprache der Studenten, wobei bestimmte Begriffe mit der fortschreitenden Akademisierung der Gesellschaft mehr und mehr in die Alltagssprache \u00fcbergehen. Heute sind vorallem Kneipe und Kommers Ausdruck der couleurstudentischen Tradition. Hier gelten die Regeln des Comment im gr\u00f6\u00dften Umfang. Hier wird auch in besonderem Umfang des studentische\/traditionelle Liedgut gepflegt. Damenverbindungen Die ersten Damenverbindungen entstanden schon vor dem Ersten Weltkrieg, als Frauen regul\u00e4r zum Studieren an deutschen Universit\u00e4ten zugelassen wurden. Es gab vier Verb\u00e4nde von Damenverbindungen, die jedoch alle im Zweiten Weltkrieg mit dem Verbot der Studentenverb\u00e4nde aufgel\u00f6st wurden. Diese waren der Verband der Studentinnenvereine Deutschlands (VStD), der 1906 mit sieben Vereinen gegr\u00fcndet wurde, der Deutsche Verband Akademischer Frauenvereine (DVAF), gegr\u00fcndet im Jahr 1914 mit neun Vereinen, der Verband der katholischen Deutschen Studentinnenvereine (VKDSt), der 1913 mit 21 Vereinen gegr\u00fcndet wurde, und die Deutsche Christliche Vereinigung Studierender Frauen (DCVSF), die vorwiegend evangelisch war und 1904 mit 20 Vereinen gegr\u00fcndet wurde. Insgesamt existierten bis 1933 ca. 100 Verbindungen von Studentinnen. Die Anzahl an korporierter Frauen war dabei weitaus gr\u00f6\u00dfer als heutzutage. In den 50er Jahren gr\u00fcndete sich lediglich der VKDSt als Frauenverband neu, jedoch als Bund katholischer deutscher Akademikerinnen (BkdA) und unter Aufgabe jeglicher Verbindungsprinzipien. Erst Ende der 70er-Jahre gr\u00fcndeten sich erneut Damenverbindungen. Die \u00e4lteste und noch aktive Damenverbindung entstand im Jahr 1982. Heute gibt es in Deutschland mehr als 45 aktive Damenverbindung, es existieren jedoch keine weiblichen Dachverb\u00e4nde mehr. Einige Damenverbindungen sind Mitglied im Unitas-Verband (UV) und jeweils eine ist Mitglied im Schwarzburgbund (SB) bzw. Sonderh\u00e4user Verband (SV). In \u00d6sterreich gibt es mittlerweile wieder zwei Dachverb\u00e4nde f\u00fcr Damenverbindungen: den Verband farbentragender M\u00e4dchen (VFM, 11 Vereine) und die Vereinigung christlicher Studentinnenverbindungen \u00d6sterreichs (VCS, 8 Vereine). F\u00fcr den Austausch zwischen den heutigen Damenverbindungen findet seit 1989 einmal j\u00e4hrlich das internationale Damenverbindungstreffen (DVT) statt. Quelle:\u00a0https:\/\/de.wikipedia.org\/wiki\/Damenverbindung<\/p>\n","protected":false},"author":2,"featured_media":0,"parent":0,"menu_order":0,"comment_status":"closed","ping_status":"closed","template":"","meta":{"footnotes":""},"class_list":["post-100","page","type-page","status-publish","hentry"],"yoast_head":"<!-- This site is optimized with the Yoast SEO plugin v27.5 - https:\/\/yoast.com\/product\/yoast-seo-wordpress\/ -->\n<title>Studenten- und Damenverbindungen - ADV Laetitia<\/title>\n<meta name=\"description\" content=\"Studentenverbindungen sind Organisationen, in der aktuelle und ehemaliger Studenten sind, die versuchen, alte Traditionen zu bewahren. Mit der Zeit...\" \/>\n<meta name=\"robots\" content=\"index, follow, max-snippet:-1, max-image-preview:large, max-video-preview:-1\" \/>\n<link rel=\"canonical\" href=\"https:\/\/adv-laetitia.de\/?page_id=100\" \/>\n<meta property=\"og:locale\" content=\"de_DE\" \/>\n<meta property=\"og:type\" content=\"article\" \/>\n<meta property=\"og:title\" content=\"Studenten- und Damenverbindungen - ADV Laetitia\" \/>\n<meta property=\"og:description\" content=\"Studentenverbindungen sind Organisationen, in der aktuelle und ehemaliger Studenten sind, die versuchen, alte Traditionen zu bewahren. Mit der Zeit...\" \/>\n<meta property=\"og:url\" content=\"https:\/\/adv-laetitia.de\/?page_id=100\" \/>\n<meta property=\"og:site_name\" content=\"ADV Laetitia\" \/>\n<meta property=\"article:modified_time\" content=\"2019-09-25T13:48:21+00:00\" \/>\n<meta property=\"og:image\" content=\"https:\/\/adv-laetitia.de\/wp-content\/uploads\/2018\/08\/Farbentragende_Studentinnen_Berlin_1916.jpg\" \/>\n\t<meta property=\"og:image:width\" content=\"1436\" \/>\n\t<meta property=\"og:image:height\" content=\"1019\" \/>\n\t<meta property=\"og:image:type\" content=\"image\/jpeg\" \/>\n<meta name=\"twitter:card\" content=\"summary_large_image\" \/>\n<meta name=\"twitter:label1\" content=\"Gesch\u00e4tzte Lesezeit\" \/>\n\t<meta name=\"twitter:data1\" content=\"3\u00a0Minuten\" \/>\n<script type=\"application\/ld+json\" class=\"yoast-schema-graph\">{\"@context\":\"https:\\\/\\\/schema.org\",\"@graph\":[{\"@type\":\"WebPage\",\"@id\":\"https:\\\/\\\/adv-laetitia.de\\\/?page_id=100\",\"url\":\"https:\\\/\\\/adv-laetitia.de\\\/?page_id=100\",\"name\":\"Studenten- und Damenverbindungen - ADV Laetitia\",\"isPartOf\":{\"@id\":\"https:\\\/\\\/adv-laetitia.de\\\/#website\"},\"primaryImageOfPage\":{\"@id\":\"https:\\\/\\\/adv-laetitia.de\\\/?page_id=100#primaryimage\"},\"image\":{\"@id\":\"https:\\\/\\\/adv-laetitia.de\\\/?page_id=100#primaryimage\"},\"thumbnailUrl\":\"https:\\\/\\\/adv-laetitia.de\\\/wp-content\\\/uploads\\\/2018\\\/08\\\/Farbentragende_Studentinnen_Berlin_1916.jpg\",\"datePublished\":\"2018-08-08T19:12:26+00:00\",\"dateModified\":\"2019-09-25T13:48:21+00:00\",\"description\":\"Studentenverbindungen sind Organisationen, in der aktuelle und ehemaliger Studenten sind, die versuchen, alte Traditionen zu bewahren. Mit der Zeit...\",\"breadcrumb\":{\"@id\":\"https:\\\/\\\/adv-laetitia.de\\\/?page_id=100#breadcrumb\"},\"inLanguage\":\"de\",\"potentialAction\":[{\"@type\":\"ReadAction\",\"target\":[\"https:\\\/\\\/adv-laetitia.de\\\/?page_id=100\"]}]},{\"@type\":\"ImageObject\",\"inLanguage\":\"de\",\"@id\":\"https:\\\/\\\/adv-laetitia.de\\\/?page_id=100#primaryimage\",\"url\":\"https:\\\/\\\/adv-laetitia.de\\\/wp-content\\\/uploads\\\/2018\\\/08\\\/Farbentragende_Studentinnen_Berlin_1916.jpg\",\"contentUrl\":\"https:\\\/\\\/adv-laetitia.de\\\/wp-content\\\/uploads\\\/2018\\\/08\\\/Farbentragende_Studentinnen_Berlin_1916.jpg\",\"width\":1436,\"height\":1019},{\"@type\":\"BreadcrumbList\",\"@id\":\"https:\\\/\\\/adv-laetitia.de\\\/?page_id=100#breadcrumb\",\"itemListElement\":[{\"@type\":\"ListItem\",\"position\":1,\"name\":\"Startseite\",\"item\":\"https:\\\/\\\/adv-laetitia.de\\\/\"},{\"@type\":\"ListItem\",\"position\":2,\"name\":\"Studenten- und Damenverbindungen\"}]},{\"@type\":\"WebSite\",\"@id\":\"https:\\\/\\\/adv-laetitia.de\\\/#website\",\"url\":\"https:\\\/\\\/adv-laetitia.de\\\/\",\"name\":\"A.D.V. Laetitia\",\"description\":\"Akademische Damenverbindung Laetitia zu Aachen\",\"publisher\":{\"@id\":\"https:\\\/\\\/adv-laetitia.de\\\/#organization\"},\"potentialAction\":[{\"@type\":\"SearchAction\",\"target\":{\"@type\":\"EntryPoint\",\"urlTemplate\":\"https:\\\/\\\/adv-laetitia.de\\\/?s={search_term_string}\"},\"query-input\":{\"@type\":\"PropertyValueSpecification\",\"valueRequired\":true,\"valueName\":\"search_term_string\"}}],\"inLanguage\":\"de\"},{\"@type\":\"Organization\",\"@id\":\"https:\\\/\\\/adv-laetitia.de\\\/#organization\",\"name\":\"A.D.V - Laetitia\",\"url\":\"https:\\\/\\\/adv-laetitia.de\\\/\",\"logo\":{\"@type\":\"ImageObject\",\"inLanguage\":\"de\",\"@id\":\"https:\\\/\\\/adv-laetitia.de\\\/#\\\/schema\\\/logo\\\/image\\\/\",\"url\":\"https:\\\/\\\/adv-laetitia.de\\\/wp-content\\\/uploads\\\/Wappen_ADV_Laetitia.jpg\",\"contentUrl\":\"https:\\\/\\\/adv-laetitia.de\\\/wp-content\\\/uploads\\\/Wappen_ADV_Laetitia.jpg\",\"width\":512,\"height\":512,\"caption\":\"A.D.V - Laetitia\"},\"image\":{\"@id\":\"https:\\\/\\\/adv-laetitia.de\\\/#\\\/schema\\\/logo\\\/image\\\/\"},\"sameAs\":[\"https:\\\/\\\/www.instagram.com\\\/advlaetitia\\\/\"]}]}<\/script>\n<!-- \/ Yoast SEO plugin. -->","yoast_head_json":{"title":"Studenten- und Damenverbindungen - ADV Laetitia","description":"Studentenverbindungen sind Organisationen, in der aktuelle und ehemaliger Studenten sind, die versuchen, alte Traditionen zu bewahren. Mit der Zeit...","robots":{"index":"index","follow":"follow","max-snippet":"max-snippet:-1","max-image-preview":"max-image-preview:large","max-video-preview":"max-video-preview:-1"},"canonical":"https:\/\/adv-laetitia.de\/?page_id=100","og_locale":"de_DE","og_type":"article","og_title":"Studenten- und Damenverbindungen - ADV Laetitia","og_description":"Studentenverbindungen sind Organisationen, in der aktuelle und ehemaliger Studenten sind, die versuchen, alte Traditionen zu bewahren. Mit der Zeit...","og_url":"https:\/\/adv-laetitia.de\/?page_id=100","og_site_name":"ADV Laetitia","article_modified_time":"2019-09-25T13:48:21+00:00","og_image":[{"width":1436,"height":1019,"url":"https:\/\/adv-laetitia.de\/wp-content\/uploads\/2018\/08\/Farbentragende_Studentinnen_Berlin_1916.jpg","type":"image\/jpeg"}],"twitter_card":"summary_large_image","twitter_misc":{"Gesch\u00e4tzte Lesezeit":"3\u00a0Minuten"},"schema":{"@context":"https:\/\/schema.org","@graph":[{"@type":"WebPage","@id":"https:\/\/adv-laetitia.de\/?page_id=100","url":"https:\/\/adv-laetitia.de\/?page_id=100","name":"Studenten- und Damenverbindungen - ADV Laetitia","isPartOf":{"@id":"https:\/\/adv-laetitia.de\/#website"},"primaryImageOfPage":{"@id":"https:\/\/adv-laetitia.de\/?page_id=100#primaryimage"},"image":{"@id":"https:\/\/adv-laetitia.de\/?page_id=100#primaryimage"},"thumbnailUrl":"https:\/\/adv-laetitia.de\/wp-content\/uploads\/2018\/08\/Farbentragende_Studentinnen_Berlin_1916.jpg","datePublished":"2018-08-08T19:12:26+00:00","dateModified":"2019-09-25T13:48:21+00:00","description":"Studentenverbindungen sind Organisationen, in der aktuelle und ehemaliger Studenten sind, die versuchen, alte Traditionen zu bewahren. Mit der Zeit...","breadcrumb":{"@id":"https:\/\/adv-laetitia.de\/?page_id=100#breadcrumb"},"inLanguage":"de","potentialAction":[{"@type":"ReadAction","target":["https:\/\/adv-laetitia.de\/?page_id=100"]}]},{"@type":"ImageObject","inLanguage":"de","@id":"https:\/\/adv-laetitia.de\/?page_id=100#primaryimage","url":"https:\/\/adv-laetitia.de\/wp-content\/uploads\/2018\/08\/Farbentragende_Studentinnen_Berlin_1916.jpg","contentUrl":"https:\/\/adv-laetitia.de\/wp-content\/uploads\/2018\/08\/Farbentragende_Studentinnen_Berlin_1916.jpg","width":1436,"height":1019},{"@type":"BreadcrumbList","@id":"https:\/\/adv-laetitia.de\/?page_id=100#breadcrumb","itemListElement":[{"@type":"ListItem","position":1,"name":"Startseite","item":"https:\/\/adv-laetitia.de\/"},{"@type":"ListItem","position":2,"name":"Studenten- und Damenverbindungen"}]},{"@type":"WebSite","@id":"https:\/\/adv-laetitia.de\/#website","url":"https:\/\/adv-laetitia.de\/","name":"A.D.V. Laetitia","description":"Akademische Damenverbindung Laetitia zu Aachen","publisher":{"@id":"https:\/\/adv-laetitia.de\/#organization"},"potentialAction":[{"@type":"SearchAction","target":{"@type":"EntryPoint","urlTemplate":"https:\/\/adv-laetitia.de\/?s={search_term_string}"},"query-input":{"@type":"PropertyValueSpecification","valueRequired":true,"valueName":"search_term_string"}}],"inLanguage":"de"},{"@type":"Organization","@id":"https:\/\/adv-laetitia.de\/#organization","name":"A.D.V - Laetitia","url":"https:\/\/adv-laetitia.de\/","logo":{"@type":"ImageObject","inLanguage":"de","@id":"https:\/\/adv-laetitia.de\/#\/schema\/logo\/image\/","url":"https:\/\/adv-laetitia.de\/wp-content\/uploads\/Wappen_ADV_Laetitia.jpg","contentUrl":"https:\/\/adv-laetitia.de\/wp-content\/uploads\/Wappen_ADV_Laetitia.jpg","width":512,"height":512,"caption":"A.D.V - Laetitia"},"image":{"@id":"https:\/\/adv-laetitia.de\/#\/schema\/logo\/image\/"},"sameAs":["https:\/\/www.instagram.com\/advlaetitia\/"]}]}},"_links":{"self":[{"href":"https:\/\/adv-laetitia.de\/index.php?rest_route=\/wp\/v2\/pages\/100","targetHints":{"allow":["GET"]}}],"collection":[{"href":"https:\/\/adv-laetitia.de\/index.php?rest_route=\/wp\/v2\/pages"}],"about":[{"href":"https:\/\/adv-laetitia.de\/index.php?rest_route=\/wp\/v2\/types\/page"}],"author":[{"embeddable":true,"href":"https:\/\/adv-laetitia.de\/index.php?rest_route=\/wp\/v2\/users\/2"}],"replies":[{"embeddable":true,"href":"https:\/\/adv-laetitia.de\/index.php?rest_route=%2Fwp%2Fv2%2Fcomments&post=100"}],"version-history":[{"count":4,"href":"https:\/\/adv-laetitia.de\/index.php?rest_route=\/wp\/v2\/pages\/100\/revisions"}],"predecessor-version":[{"id":864,"href":"https:\/\/adv-laetitia.de\/index.php?rest_route=\/wp\/v2\/pages\/100\/revisions\/864"}],"wp:attachment":[{"href":"https:\/\/adv-laetitia.de\/index.php?rest_route=%2Fwp%2Fv2%2Fmedia&parent=100"}],"curies":[{"name":"wp","href":"https:\/\/api.w.org\/{rel}","templated":true}]}}