{"id":150,"date":"2018-08-09T16:41:51","date_gmt":"2018-08-09T16:41:51","guid":{"rendered":"https:\/\/adv-laetitia.de\/?page_id=150"},"modified":"2019-06-21T17:05:14","modified_gmt":"2019-06-21T17:05:14","slug":"rak-ring-aachener-korporationen","status":"publish","type":"page","link":"https:\/\/adv-laetitia.de\/?page_id=150","title":{"rendered":"RAK &#8211; Ring Aachener Korporationen"},"content":{"rendered":"<div class=\"page\" title=\"Page 50\">\n<div class=\"layoutArea\">\n<div class=\"column\">\n<p>Nachdem am 10. Oktober 1870 die RWTH (Rheinisch-Westf\u00e4lische Technische Hochschule) ge- gr\u00fcndet wurde, lie\u00dfen auch die ersten Verbindungsgr\u00fcndungen und Wiederbegr\u00fcndungen nicht lange auf sich warten. Bereits nach zwei Jahren hatten f\u00fcnf neue B\u00fcnde ihre Geschichte in Aa- chen begonnen. Fast alle Verbindungen aus dieser und auch aus sp\u00e4terer Zeit sind bis heute noch aktiv.<\/p>\n<p>In Aachen findet man heute 37 aktive Verbindungen, dabei ist jeder Dachverband vertreten. Neben den Herrenb\u00fcnden sind in Aachen vier gemischte Korporationen und die A.D.V. Laetitia als einzige Damenverbindung anzutreffen.<br \/>\nDie Verbindungen in Aachen haben untereinander ein gutes Verh\u00e4ltnis. Das kommt daher, dass stets ein h\u00f6flicher Umgang miteinander gepflegt wird.<\/p>\n<figure id=\"attachment_151\" aria-describedby=\"caption-attachment-151\" style=\"width: 211px\" class=\"wp-caption aligncenter\"><img loading=\"lazy\" decoding=\"async\" class=\"wp-image-151\" src=\"https:\/\/adv-laetitia.de\/wp-content\/uploads\/2018\/08\/RAK-Logo.jpg\" alt=\"\" width=\"211\" height=\"211\" \/><figcaption id=\"caption-attachment-151\" class=\"wp-caption-text\">Logo des RAKs<\/figcaption><\/figure>\n<div class=\"page\" title=\"Page 50\">\n<div class=\"layoutArea\">\n<div class=\"column\">\n<p>Um weiterhin in gutem Kontakt zu bleiben, wurde der <a href=\"https:\/\/rak-aachen.org\/\">Ring Aachener Korporationen (RAK)<\/a> ins Leben gerufen. In ihm sind ein Gro\u00dfteil der Aachener Korporationen Mitglied. Der Vorstand des RAK hat als Hauptaufgabe das allj\u00e4hrlich, am Anfang des Jahres, stattfindende RAK- Fuxentreffen zu planen. Dies ist immer eine sch\u00f6ne Sache, um unter anderweitig korporierten F\u00fcxen neue Freunde, Kommilitonen oder Trinkkumpanen zu finden. Des Weiteren soll es auch den Vorurteilen unter den einzelnen B\u00fcnden hier in Aachen entgegen wirken.<\/p>\n<\/div>\n<\/div>\n<\/div>\n<\/div>\n<\/div>\n<\/div>\n","protected":false},"excerpt":{"rendered":"<p>Nachdem am 10. Oktober 1870 die RWTH (Rheinisch-Westf\u00e4lische Technische Hochschule) ge- gr\u00fcndet wurde, lie\u00dfen auch die ersten Verbindungsgr\u00fcndungen und Wiederbegr\u00fcndungen nicht lange auf sich warten. Bereits nach zwei Jahren hatten f\u00fcnf neue B\u00fcnde ihre Geschichte in Aa- chen begonnen. Fast alle Verbindungen aus dieser und auch aus sp\u00e4terer Zeit sind bis heute noch aktiv. In Aachen findet man heute 37 aktive Verbindungen, dabei ist jeder Dachverband vertreten. Neben den Herrenb\u00fcnden sind in Aachen vier gemischte Korporationen und die A.D.V. Laetitia als einzige Damenverbindung anzutreffen. Die Verbindungen in Aachen haben untereinander ein gutes Verh\u00e4ltnis. Das kommt daher, dass stets ein h\u00f6flicher Umgang miteinander gepflegt wird. Um weiterhin in gutem Kontakt zu bleiben, wurde der Ring Aachener Korporationen (RAK) ins Leben gerufen. In ihm sind ein Gro\u00dfteil der Aachener Korporationen Mitglied. Der Vorstand des RAK hat als Hauptaufgabe das allj\u00e4hrlich, am Anfang des Jahres, stattfindende RAK- Fuxentreffen zu planen. Dies ist immer eine sch\u00f6ne Sache, um unter anderweitig korporierten F\u00fcxen neue Freunde, Kommilitonen oder Trinkkumpanen zu finden. Des Weiteren soll es auch den Vorurteilen unter den einzelnen B\u00fcnden hier in Aachen entgegen wirken.<\/p>\n","protected":false},"author":2,"featured_media":0,"parent":0,"menu_order":0,"comment_status":"closed","ping_status":"closed","template":"","meta":{"footnotes":""},"class_list":["post-150","page","type-page","status-publish","hentry"],"yoast_head":"<!-- This site is optimized with the Yoast SEO plugin v27.5 - https:\/\/yoast.com\/product\/yoast-seo-wordpress\/ -->\n<title>RAK - Ring Aachener Korporationen - ADV Laetitia<\/title>\n<meta name=\"description\" content=\"Um weiterhin in gutem Kontakt zu bleiben, wurde der Ring Aachener Korporationen (RAK) ins Leben gerufen. In ihm sind ein Gro\u00dfteil der Aachener Korporationen\" \/>\n<meta name=\"robots\" content=\"index, follow, max-snippet:-1, max-image-preview:large, max-video-preview:-1\" \/>\n<link rel=\"canonical\" href=\"https:\/\/adv-laetitia.de\/?page_id=150\" \/>\n<meta property=\"og:locale\" content=\"de_DE\" \/>\n<meta property=\"og:type\" content=\"article\" \/>\n<meta property=\"og:title\" content=\"RAK - Ring Aachener Korporationen - ADV Laetitia\" \/>\n<meta property=\"og:description\" content=\"Um weiterhin in gutem Kontakt zu bleiben, wurde der Ring Aachener Korporationen (RAK) ins Leben gerufen. In ihm sind ein Gro\u00dfteil der Aachener Korporationen\" \/>\n<meta property=\"og:url\" content=\"https:\/\/adv-laetitia.de\/?page_id=150\" \/>\n<meta property=\"og:site_name\" content=\"ADV Laetitia\" \/>\n<meta property=\"article:modified_time\" content=\"2019-06-21T17:05:14+00:00\" \/>\n<meta property=\"og:image\" content=\"https:\/\/adv-laetitia.de\/wp-content\/uploads\/2018\/08\/RAK-Logo.jpg\" \/>\n\t<meta property=\"og:image:width\" content=\"1181\" \/>\n\t<meta property=\"og:image:height\" content=\"1219\" \/>\n\t<meta property=\"og:image:type\" content=\"image\/jpeg\" \/>\n<meta name=\"twitter:card\" content=\"summary_large_image\" \/>\n<meta name=\"twitter:label1\" content=\"Gesch\u00e4tzte Lesezeit\" \/>\n\t<meta name=\"twitter:data1\" content=\"1\u00a0Minute\" \/>\n<script type=\"application\/ld+json\" class=\"yoast-schema-graph\">{\"@context\":\"https:\\\/\\\/schema.org\",\"@graph\":[{\"@type\":\"WebPage\",\"@id\":\"https:\\\/\\\/adv-laetitia.de\\\/?page_id=150\",\"url\":\"https:\\\/\\\/adv-laetitia.de\\\/?page_id=150\",\"name\":\"RAK - Ring Aachener Korporationen - ADV Laetitia\",\"isPartOf\":{\"@id\":\"https:\\\/\\\/adv-laetitia.de\\\/#website\"},\"primaryImageOfPage\":{\"@id\":\"https:\\\/\\\/adv-laetitia.de\\\/?page_id=150#primaryimage\"},\"image\":{\"@id\":\"https:\\\/\\\/adv-laetitia.de\\\/?page_id=150#primaryimage\"},\"thumbnailUrl\":\"https:\\\/\\\/adv-laetitia.de\\\/wp-content\\\/uploads\\\/2018\\\/08\\\/RAK-Logo.jpg\",\"datePublished\":\"2018-08-09T16:41:51+00:00\",\"dateModified\":\"2019-06-21T17:05:14+00:00\",\"description\":\"Um weiterhin in gutem Kontakt zu bleiben, wurde der Ring Aachener Korporationen (RAK) ins Leben gerufen. In ihm sind ein Gro\u00dfteil der Aachener Korporationen\",\"breadcrumb\":{\"@id\":\"https:\\\/\\\/adv-laetitia.de\\\/?page_id=150#breadcrumb\"},\"inLanguage\":\"de\",\"potentialAction\":[{\"@type\":\"ReadAction\",\"target\":[\"https:\\\/\\\/adv-laetitia.de\\\/?page_id=150\"]}]},{\"@type\":\"ImageObject\",\"inLanguage\":\"de\",\"@id\":\"https:\\\/\\\/adv-laetitia.de\\\/?page_id=150#primaryimage\",\"url\":\"https:\\\/\\\/adv-laetitia.de\\\/wp-content\\\/uploads\\\/2018\\\/08\\\/RAK-Logo.jpg\",\"contentUrl\":\"https:\\\/\\\/adv-laetitia.de\\\/wp-content\\\/uploads\\\/2018\\\/08\\\/RAK-Logo.jpg\",\"width\":1181,\"height\":1219},{\"@type\":\"BreadcrumbList\",\"@id\":\"https:\\\/\\\/adv-laetitia.de\\\/?page_id=150#breadcrumb\",\"itemListElement\":[{\"@type\":\"ListItem\",\"position\":1,\"name\":\"Startseite\",\"item\":\"https:\\\/\\\/adv-laetitia.de\\\/\"},{\"@type\":\"ListItem\",\"position\":2,\"name\":\"RAK &#8211; Ring Aachener Korporationen\"}]},{\"@type\":\"WebSite\",\"@id\":\"https:\\\/\\\/adv-laetitia.de\\\/#website\",\"url\":\"https:\\\/\\\/adv-laetitia.de\\\/\",\"name\":\"A.D.V. Laetitia\",\"description\":\"Akademische Damenverbindung Laetitia zu Aachen\",\"publisher\":{\"@id\":\"https:\\\/\\\/adv-laetitia.de\\\/#organization\"},\"potentialAction\":[{\"@type\":\"SearchAction\",\"target\":{\"@type\":\"EntryPoint\",\"urlTemplate\":\"https:\\\/\\\/adv-laetitia.de\\\/?s={search_term_string}\"},\"query-input\":{\"@type\":\"PropertyValueSpecification\",\"valueRequired\":true,\"valueName\":\"search_term_string\"}}],\"inLanguage\":\"de\"},{\"@type\":\"Organization\",\"@id\":\"https:\\\/\\\/adv-laetitia.de\\\/#organization\",\"name\":\"A.D.V - Laetitia\",\"url\":\"https:\\\/\\\/adv-laetitia.de\\\/\",\"logo\":{\"@type\":\"ImageObject\",\"inLanguage\":\"de\",\"@id\":\"https:\\\/\\\/adv-laetitia.de\\\/#\\\/schema\\\/logo\\\/image\\\/\",\"url\":\"https:\\\/\\\/adv-laetitia.de\\\/wp-content\\\/uploads\\\/Wappen_ADV_Laetitia.jpg\",\"contentUrl\":\"https:\\\/\\\/adv-laetitia.de\\\/wp-content\\\/uploads\\\/Wappen_ADV_Laetitia.jpg\",\"width\":512,\"height\":512,\"caption\":\"A.D.V - Laetitia\"},\"image\":{\"@id\":\"https:\\\/\\\/adv-laetitia.de\\\/#\\\/schema\\\/logo\\\/image\\\/\"},\"sameAs\":[\"https:\\\/\\\/www.instagram.com\\\/advlaetitia\\\/\"]}]}<\/script>\n<!-- \/ Yoast SEO plugin. -->","yoast_head_json":{"title":"RAK - Ring Aachener Korporationen - ADV Laetitia","description":"Um weiterhin in gutem Kontakt zu bleiben, wurde der Ring Aachener Korporationen (RAK) ins Leben gerufen. In ihm sind ein Gro\u00dfteil der Aachener Korporationen","robots":{"index":"index","follow":"follow","max-snippet":"max-snippet:-1","max-image-preview":"max-image-preview:large","max-video-preview":"max-video-preview:-1"},"canonical":"https:\/\/adv-laetitia.de\/?page_id=150","og_locale":"de_DE","og_type":"article","og_title":"RAK - Ring Aachener Korporationen - ADV Laetitia","og_description":"Um weiterhin in gutem Kontakt zu bleiben, wurde der Ring Aachener Korporationen (RAK) ins Leben gerufen. In ihm sind ein Gro\u00dfteil der Aachener Korporationen","og_url":"https:\/\/adv-laetitia.de\/?page_id=150","og_site_name":"ADV Laetitia","article_modified_time":"2019-06-21T17:05:14+00:00","og_image":[{"width":1181,"height":1219,"url":"https:\/\/adv-laetitia.de\/wp-content\/uploads\/2018\/08\/RAK-Logo.jpg","type":"image\/jpeg"}],"twitter_card":"summary_large_image","twitter_misc":{"Gesch\u00e4tzte Lesezeit":"1\u00a0Minute"},"schema":{"@context":"https:\/\/schema.org","@graph":[{"@type":"WebPage","@id":"https:\/\/adv-laetitia.de\/?page_id=150","url":"https:\/\/adv-laetitia.de\/?page_id=150","name":"RAK - Ring Aachener Korporationen - ADV Laetitia","isPartOf":{"@id":"https:\/\/adv-laetitia.de\/#website"},"primaryImageOfPage":{"@id":"https:\/\/adv-laetitia.de\/?page_id=150#primaryimage"},"image":{"@id":"https:\/\/adv-laetitia.de\/?page_id=150#primaryimage"},"thumbnailUrl":"https:\/\/adv-laetitia.de\/wp-content\/uploads\/2018\/08\/RAK-Logo.jpg","datePublished":"2018-08-09T16:41:51+00:00","dateModified":"2019-06-21T17:05:14+00:00","description":"Um weiterhin in gutem Kontakt zu bleiben, wurde der Ring Aachener Korporationen (RAK) ins Leben gerufen. In ihm sind ein Gro\u00dfteil der Aachener Korporationen","breadcrumb":{"@id":"https:\/\/adv-laetitia.de\/?page_id=150#breadcrumb"},"inLanguage":"de","potentialAction":[{"@type":"ReadAction","target":["https:\/\/adv-laetitia.de\/?page_id=150"]}]},{"@type":"ImageObject","inLanguage":"de","@id":"https:\/\/adv-laetitia.de\/?page_id=150#primaryimage","url":"https:\/\/adv-laetitia.de\/wp-content\/uploads\/2018\/08\/RAK-Logo.jpg","contentUrl":"https:\/\/adv-laetitia.de\/wp-content\/uploads\/2018\/08\/RAK-Logo.jpg","width":1181,"height":1219},{"@type":"BreadcrumbList","@id":"https:\/\/adv-laetitia.de\/?page_id=150#breadcrumb","itemListElement":[{"@type":"ListItem","position":1,"name":"Startseite","item":"https:\/\/adv-laetitia.de\/"},{"@type":"ListItem","position":2,"name":"RAK &#8211; Ring Aachener Korporationen"}]},{"@type":"WebSite","@id":"https:\/\/adv-laetitia.de\/#website","url":"https:\/\/adv-laetitia.de\/","name":"A.D.V. Laetitia","description":"Akademische Damenverbindung Laetitia zu Aachen","publisher":{"@id":"https:\/\/adv-laetitia.de\/#organization"},"potentialAction":[{"@type":"SearchAction","target":{"@type":"EntryPoint","urlTemplate":"https:\/\/adv-laetitia.de\/?s={search_term_string}"},"query-input":{"@type":"PropertyValueSpecification","valueRequired":true,"valueName":"search_term_string"}}],"inLanguage":"de"},{"@type":"Organization","@id":"https:\/\/adv-laetitia.de\/#organization","name":"A.D.V - Laetitia","url":"https:\/\/adv-laetitia.de\/","logo":{"@type":"ImageObject","inLanguage":"de","@id":"https:\/\/adv-laetitia.de\/#\/schema\/logo\/image\/","url":"https:\/\/adv-laetitia.de\/wp-content\/uploads\/Wappen_ADV_Laetitia.jpg","contentUrl":"https:\/\/adv-laetitia.de\/wp-content\/uploads\/Wappen_ADV_Laetitia.jpg","width":512,"height":512,"caption":"A.D.V - Laetitia"},"image":{"@id":"https:\/\/adv-laetitia.de\/#\/schema\/logo\/image\/"},"sameAs":["https:\/\/www.instagram.com\/advlaetitia\/"]}]}},"_links":{"self":[{"href":"https:\/\/adv-laetitia.de\/index.php?rest_route=\/wp\/v2\/pages\/150","targetHints":{"allow":["GET"]}}],"collection":[{"href":"https:\/\/adv-laetitia.de\/index.php?rest_route=\/wp\/v2\/pages"}],"about":[{"href":"https:\/\/adv-laetitia.de\/index.php?rest_route=\/wp\/v2\/types\/page"}],"author":[{"embeddable":true,"href":"https:\/\/adv-laetitia.de\/index.php?rest_route=\/wp\/v2\/users\/2"}],"replies":[{"embeddable":true,"href":"https:\/\/adv-laetitia.de\/index.php?rest_route=%2Fwp%2Fv2%2Fcomments&post=150"}],"version-history":[{"count":2,"href":"https:\/\/adv-laetitia.de\/index.php?rest_route=\/wp\/v2\/pages\/150\/revisions"}],"predecessor-version":[{"id":562,"href":"https:\/\/adv-laetitia.de\/index.php?rest_route=\/wp\/v2\/pages\/150\/revisions\/562"}],"wp:attachment":[{"href":"https:\/\/adv-laetitia.de\/index.php?rest_route=%2Fwp%2Fv2%2Fmedia&parent=150"}],"curies":[{"name":"wp","href":"https:\/\/api.w.org\/{rel}","templated":true}]}}