{"id":610,"date":"2019-07-27T18:16:54","date_gmt":"2019-07-27T18:16:54","guid":{"rendered":"https:\/\/www.adv-laetitia.de\/?page_id=610"},"modified":"2024-04-08T06:36:37","modified_gmt":"2024-04-08T06:36:37","slug":"mitglied-werden","status":"publish","type":"page","link":"https:\/\/adv-laetitia.de\/?page_id=610","title":{"rendered":"Mitglied werden!"},"content":{"rendered":"\r\n<p>Es freut uns, dass du Interesse an unserer Verbindung hast. Solltest du gerne mal das Verbindungsleben und unsere Mitglieder n\u00e4her kennen lernen wollen, schreibe einfach eine E-Mail an den Vorstand (<a href=\"mailto:advlaetitiaaachen@gmail.com\">advlaetitiaaachen@gmail.com<\/a>), in der du dich kurz vorstellst. Die Fuxmajora (Verantwortliche f\u00fcr alle Neuen und jungen Mitglieder) wird sich dann bei dir melden.<\/p>\r\n\r\n\r\n\r\n<p><strong>Wie sehen die ersten Schritte aus?<\/strong><\/p>\r\n\r\n\r\n\r\n<p>Vor dem Beitritt und der Mitgliedschaft steht die Zeit des Kennenlernens &#8211; die Spefuxen-Zeit. Als sog. <strong>Spefux <\/strong>ist man lediglich ein Interessent an der Verbindung und kann ganz unverbindlich an Veranstaltungen teilnehmen, um einen ersten Eindruck zu gewinnen.<\/p>\r\n\r\n\r\n\r\n<p><strong>Die Fuxenzeit<\/strong><\/p>\r\n\r\n\r\n\r\n<p>Als neues Mitglied der Verbindung wird man <strong>Fux <\/strong>genannt. Diese <strong>Fuxenzeit <\/strong>dient als eine Art Probe- und Lernzeit, in der der Fux mit dem Verbindungswesen vertraut gemacht wird. Durch diese Zeit muss man allerdings nicht alleine, denn alle F\u00fcxe bilden zusammen die <strong>Fuxia <\/strong>und gehen auch zusammen zu speziellen Fuxenveranstaltungen. Dazu geh\u00f6ren z.B das Fuxenessen gegen Ende des Semesters oder die Fuxenstunden (siehe <a href=\"https:\/\/www.adv-laetitia.de\/?page_id=112\">Semesterprogramm<\/a> ).In diesen <strong>Fuxenstunden <\/strong>vermittelt die Fuxmajora das n\u00f6tige Wissen und soll auch w\u00e4hrend der ganzen Zeit als Ansprechpartnerin dienen. Die <strong>Fuxmajora (FM) <\/strong>selber ist Teil des Vorstandes und wird jedes Semester wie die anderen \u00c4mter neu gew\u00e4hlt. Ihre Aufgabe besteht darin, sich um alle Angelegenheiten, die die F\u00fcxe betreffen, zu k\u00fcmmern.<\/p>\r\n\r\n\r\n\r\n<p>&nbsp;<\/p>","protected":false},"excerpt":{"rendered":"<p>Es freut uns, dass du Interesse an unserer Verbindung hast. Solltest du gerne mal das Verbindungsleben und unsere Mitglieder n\u00e4her kennen lernen wollen, schreibe einfach eine E-Mail an den Vorstand (advlaetitiaaachen@gmail.com), in der du dich kurz vorstellst. Die Fuxmajora (Verantwortliche f\u00fcr alle Neuen und jungen Mitglieder) wird sich dann bei dir melden. Wie sehen die ersten Schritte aus? Vor dem Beitritt und der Mitgliedschaft steht die Zeit des Kennenlernens &#8211; die Spefuxen-Zeit. Als sog. Spefux ist man lediglich ein Interessent an der Verbindung und kann ganz unverbindlich an Veranstaltungen teilnehmen, um einen ersten Eindruck zu gewinnen. Die Fuxenzeit Als neues Mitglied der Verbindung wird man Fux genannt. Diese Fuxenzeit dient als eine Art Probe- und Lernzeit, in der der Fux mit dem Verbindungswesen vertraut gemacht wird. Durch diese Zeit muss man allerdings nicht alleine, denn alle F\u00fcxe bilden zusammen die Fuxia und gehen auch zusammen zu speziellen Fuxenveranstaltungen. Dazu geh\u00f6ren z.B das Fuxenessen gegen Ende des Semesters oder die Fuxenstunden (siehe Semesterprogramm ).In diesen Fuxenstunden vermittelt die Fuxmajora das n\u00f6tige Wissen und soll auch w\u00e4hrend der ganzen Zeit als Ansprechpartnerin dienen. Die Fuxmajora (FM) selber ist Teil des Vorstandes und wird jedes Semester wie die anderen \u00c4mter neu gew\u00e4hlt. Ihre Aufgabe besteht darin, sich um alle Angelegenheiten, die die F\u00fcxe betreffen, zu k\u00fcmmern. &nbsp;<\/p>\n","protected":false},"author":19,"featured_media":0,"parent":0,"menu_order":0,"comment_status":"closed","ping_status":"closed","template":"","meta":{"footnotes":""},"class_list":["post-610","page","type-page","status-publish","hentry"],"yoast_head":"<!-- This site is optimized with the Yoast SEO plugin v27.5 - https:\/\/yoast.com\/product\/yoast-seo-wordpress\/ -->\n<title>Mitglied werden! - ADV Laetitia<\/title>\n<meta name=\"robots\" content=\"index, follow, max-snippet:-1, max-image-preview:large, max-video-preview:-1\" \/>\n<link rel=\"canonical\" href=\"https:\/\/adv-laetitia.de\/?page_id=610\" \/>\n<meta property=\"og:locale\" content=\"de_DE\" \/>\n<meta property=\"og:type\" content=\"article\" \/>\n<meta property=\"og:title\" content=\"Mitglied werden! - ADV Laetitia\" \/>\n<meta property=\"og:description\" content=\"Es freut uns, dass du Interesse an unserer Verbindung hast. Solltest du gerne mal das Verbindungsleben und unsere Mitglieder n\u00e4her kennen lernen wollen, schreibe einfach eine E-Mail an den Vorstand (advlaetitiaaachen@gmail.com), in der du dich kurz vorstellst. Die Fuxmajora (Verantwortliche f\u00fcr alle Neuen und jungen Mitglieder) wird sich dann bei dir melden. Wie sehen die ersten Schritte aus? Vor dem Beitritt und der Mitgliedschaft steht die Zeit des Kennenlernens &#8211; die Spefuxen-Zeit. Als sog. Spefux ist man lediglich ein Interessent an der Verbindung und kann ganz unverbindlich an Veranstaltungen teilnehmen, um einen ersten Eindruck zu gewinnen. Die Fuxenzeit Als neues Mitglied der Verbindung wird man Fux genannt. Diese Fuxenzeit dient als eine Art Probe- und Lernzeit, in der der Fux mit dem Verbindungswesen vertraut gemacht wird. Durch diese Zeit muss man allerdings nicht alleine, denn alle F\u00fcxe bilden zusammen die Fuxia und gehen auch zusammen zu speziellen Fuxenveranstaltungen. Dazu geh\u00f6ren z.B das Fuxenessen gegen Ende des Semesters oder die Fuxenstunden (siehe Semesterprogramm ).In diesen Fuxenstunden vermittelt die Fuxmajora das n\u00f6tige Wissen und soll auch w\u00e4hrend der ganzen Zeit als Ansprechpartnerin dienen. Die Fuxmajora (FM) selber ist Teil des Vorstandes und wird jedes Semester wie die anderen \u00c4mter neu gew\u00e4hlt. Ihre Aufgabe besteht darin, sich um alle Angelegenheiten, die die F\u00fcxe betreffen, zu k\u00fcmmern. &nbsp;\" \/>\n<meta property=\"og:url\" content=\"https:\/\/adv-laetitia.de\/?page_id=610\" \/>\n<meta property=\"og:site_name\" content=\"ADV Laetitia\" \/>\n<meta property=\"article:modified_time\" content=\"2024-04-08T06:36:37+00:00\" \/>\n<meta name=\"twitter:card\" content=\"summary_large_image\" \/>\n<meta name=\"twitter:label1\" content=\"Gesch\u00e4tzte Lesezeit\" \/>\n\t<meta name=\"twitter:data1\" content=\"1\u00a0Minute\" \/>\n<script type=\"application\/ld+json\" class=\"yoast-schema-graph\">{\"@context\":\"https:\\\/\\\/schema.org\",\"@graph\":[{\"@type\":\"WebPage\",\"@id\":\"https:\\\/\\\/adv-laetitia.de\\\/?page_id=610\",\"url\":\"https:\\\/\\\/adv-laetitia.de\\\/?page_id=610\",\"name\":\"Mitglied werden! - ADV Laetitia\",\"isPartOf\":{\"@id\":\"https:\\\/\\\/adv-laetitia.de\\\/#website\"},\"datePublished\":\"2019-07-27T18:16:54+00:00\",\"dateModified\":\"2024-04-08T06:36:37+00:00\",\"breadcrumb\":{\"@id\":\"https:\\\/\\\/adv-laetitia.de\\\/?page_id=610#breadcrumb\"},\"inLanguage\":\"de\",\"potentialAction\":[{\"@type\":\"ReadAction\",\"target\":[\"https:\\\/\\\/adv-laetitia.de\\\/?page_id=610\"]}]},{\"@type\":\"BreadcrumbList\",\"@id\":\"https:\\\/\\\/adv-laetitia.de\\\/?page_id=610#breadcrumb\",\"itemListElement\":[{\"@type\":\"ListItem\",\"position\":1,\"name\":\"Startseite\",\"item\":\"https:\\\/\\\/adv-laetitia.de\\\/\"},{\"@type\":\"ListItem\",\"position\":2,\"name\":\"Mitglied werden!\"}]},{\"@type\":\"WebSite\",\"@id\":\"https:\\\/\\\/adv-laetitia.de\\\/#website\",\"url\":\"https:\\\/\\\/adv-laetitia.de\\\/\",\"name\":\"A.D.V. Laetitia\",\"description\":\"Akademische Damenverbindung Laetitia zu Aachen\",\"publisher\":{\"@id\":\"https:\\\/\\\/adv-laetitia.de\\\/#organization\"},\"potentialAction\":[{\"@type\":\"SearchAction\",\"target\":{\"@type\":\"EntryPoint\",\"urlTemplate\":\"https:\\\/\\\/adv-laetitia.de\\\/?s={search_term_string}\"},\"query-input\":{\"@type\":\"PropertyValueSpecification\",\"valueRequired\":true,\"valueName\":\"search_term_string\"}}],\"inLanguage\":\"de\"},{\"@type\":\"Organization\",\"@id\":\"https:\\\/\\\/adv-laetitia.de\\\/#organization\",\"name\":\"A.D.V - Laetitia\",\"url\":\"https:\\\/\\\/adv-laetitia.de\\\/\",\"logo\":{\"@type\":\"ImageObject\",\"inLanguage\":\"de\",\"@id\":\"https:\\\/\\\/adv-laetitia.de\\\/#\\\/schema\\\/logo\\\/image\\\/\",\"url\":\"https:\\\/\\\/adv-laetitia.de\\\/wp-content\\\/uploads\\\/Wappen_ADV_Laetitia.jpg\",\"contentUrl\":\"https:\\\/\\\/adv-laetitia.de\\\/wp-content\\\/uploads\\\/Wappen_ADV_Laetitia.jpg\",\"width\":512,\"height\":512,\"caption\":\"A.D.V - Laetitia\"},\"image\":{\"@id\":\"https:\\\/\\\/adv-laetitia.de\\\/#\\\/schema\\\/logo\\\/image\\\/\"},\"sameAs\":[\"https:\\\/\\\/www.instagram.com\\\/advlaetitia\\\/\"]}]}<\/script>\n<!-- \/ Yoast SEO plugin. -->","yoast_head_json":{"title":"Mitglied werden! - ADV Laetitia","robots":{"index":"index","follow":"follow","max-snippet":"max-snippet:-1","max-image-preview":"max-image-preview:large","max-video-preview":"max-video-preview:-1"},"canonical":"https:\/\/adv-laetitia.de\/?page_id=610","og_locale":"de_DE","og_type":"article","og_title":"Mitglied werden! - ADV Laetitia","og_description":"Es freut uns, dass du Interesse an unserer Verbindung hast. Solltest du gerne mal das Verbindungsleben und unsere Mitglieder n\u00e4her kennen lernen wollen, schreibe einfach eine E-Mail an den Vorstand (advlaetitiaaachen@gmail.com), in der du dich kurz vorstellst. Die Fuxmajora (Verantwortliche f\u00fcr alle Neuen und jungen Mitglieder) wird sich dann bei dir melden. Wie sehen die ersten Schritte aus? Vor dem Beitritt und der Mitgliedschaft steht die Zeit des Kennenlernens &#8211; die Spefuxen-Zeit. Als sog. Spefux ist man lediglich ein Interessent an der Verbindung und kann ganz unverbindlich an Veranstaltungen teilnehmen, um einen ersten Eindruck zu gewinnen. Die Fuxenzeit Als neues Mitglied der Verbindung wird man Fux genannt. Diese Fuxenzeit dient als eine Art Probe- und Lernzeit, in der der Fux mit dem Verbindungswesen vertraut gemacht wird. Durch diese Zeit muss man allerdings nicht alleine, denn alle F\u00fcxe bilden zusammen die Fuxia und gehen auch zusammen zu speziellen Fuxenveranstaltungen. Dazu geh\u00f6ren z.B das Fuxenessen gegen Ende des Semesters oder die Fuxenstunden (siehe Semesterprogramm ).In diesen Fuxenstunden vermittelt die Fuxmajora das n\u00f6tige Wissen und soll auch w\u00e4hrend der ganzen Zeit als Ansprechpartnerin dienen. Die Fuxmajora (FM) selber ist Teil des Vorstandes und wird jedes Semester wie die anderen \u00c4mter neu gew\u00e4hlt. Ihre Aufgabe besteht darin, sich um alle Angelegenheiten, die die F\u00fcxe betreffen, zu k\u00fcmmern. &nbsp;","og_url":"https:\/\/adv-laetitia.de\/?page_id=610","og_site_name":"ADV Laetitia","article_modified_time":"2024-04-08T06:36:37+00:00","twitter_card":"summary_large_image","twitter_misc":{"Gesch\u00e4tzte Lesezeit":"1\u00a0Minute"},"schema":{"@context":"https:\/\/schema.org","@graph":[{"@type":"WebPage","@id":"https:\/\/adv-laetitia.de\/?page_id=610","url":"https:\/\/adv-laetitia.de\/?page_id=610","name":"Mitglied werden! - ADV Laetitia","isPartOf":{"@id":"https:\/\/adv-laetitia.de\/#website"},"datePublished":"2019-07-27T18:16:54+00:00","dateModified":"2024-04-08T06:36:37+00:00","breadcrumb":{"@id":"https:\/\/adv-laetitia.de\/?page_id=610#breadcrumb"},"inLanguage":"de","potentialAction":[{"@type":"ReadAction","target":["https:\/\/adv-laetitia.de\/?page_id=610"]}]},{"@type":"BreadcrumbList","@id":"https:\/\/adv-laetitia.de\/?page_id=610#breadcrumb","itemListElement":[{"@type":"ListItem","position":1,"name":"Startseite","item":"https:\/\/adv-laetitia.de\/"},{"@type":"ListItem","position":2,"name":"Mitglied werden!"}]},{"@type":"WebSite","@id":"https:\/\/adv-laetitia.de\/#website","url":"https:\/\/adv-laetitia.de\/","name":"A.D.V. Laetitia","description":"Akademische Damenverbindung Laetitia zu Aachen","publisher":{"@id":"https:\/\/adv-laetitia.de\/#organization"},"potentialAction":[{"@type":"SearchAction","target":{"@type":"EntryPoint","urlTemplate":"https:\/\/adv-laetitia.de\/?s={search_term_string}"},"query-input":{"@type":"PropertyValueSpecification","valueRequired":true,"valueName":"search_term_string"}}],"inLanguage":"de"},{"@type":"Organization","@id":"https:\/\/adv-laetitia.de\/#organization","name":"A.D.V - Laetitia","url":"https:\/\/adv-laetitia.de\/","logo":{"@type":"ImageObject","inLanguage":"de","@id":"https:\/\/adv-laetitia.de\/#\/schema\/logo\/image\/","url":"https:\/\/adv-laetitia.de\/wp-content\/uploads\/Wappen_ADV_Laetitia.jpg","contentUrl":"https:\/\/adv-laetitia.de\/wp-content\/uploads\/Wappen_ADV_Laetitia.jpg","width":512,"height":512,"caption":"A.D.V - Laetitia"},"image":{"@id":"https:\/\/adv-laetitia.de\/#\/schema\/logo\/image\/"},"sameAs":["https:\/\/www.instagram.com\/advlaetitia\/"]}]}},"_links":{"self":[{"href":"https:\/\/adv-laetitia.de\/index.php?rest_route=\/wp\/v2\/pages\/610","targetHints":{"allow":["GET"]}}],"collection":[{"href":"https:\/\/adv-laetitia.de\/index.php?rest_route=\/wp\/v2\/pages"}],"about":[{"href":"https:\/\/adv-laetitia.de\/index.php?rest_route=\/wp\/v2\/types\/page"}],"author":[{"embeddable":true,"href":"https:\/\/adv-laetitia.de\/index.php?rest_route=\/wp\/v2\/users\/19"}],"replies":[{"embeddable":true,"href":"https:\/\/adv-laetitia.de\/index.php?rest_route=%2Fwp%2Fv2%2Fcomments&post=610"}],"version-history":[{"count":36,"href":"https:\/\/adv-laetitia.de\/index.php?rest_route=\/wp\/v2\/pages\/610\/revisions"}],"predecessor-version":[{"id":2376,"href":"https:\/\/adv-laetitia.de\/index.php?rest_route=\/wp\/v2\/pages\/610\/revisions\/2376"}],"wp:attachment":[{"href":"https:\/\/adv-laetitia.de\/index.php?rest_route=%2Fwp%2Fv2%2Fmedia&parent=610"}],"curies":[{"name":"wp","href":"https:\/\/api.w.org\/{rel}","templated":true}]}}